{"id":91,"date":"2025-08-23T16:46:59","date_gmt":"2025-08-23T13:46:59","guid":{"rendered":"https:\/\/selfdanismanlik.com\/?page_id=91"},"modified":"2025-09-19T18:37:59","modified_gmt":"2025-09-19T15:37:59","slug":"iletisim","status":"publish","type":"page","link":"https:\/\/selfdanismanlik.com\/index.php\/iletisim\/","title":{"rendered":"\u0130LET\u0130\u015e\u0130M"},"content":{"rendered":"\n<p>\u0130\u015f ve Sosyal G\u00fcvenlikte \u00c7\u00f6z\u00fcm Orta\u011f\u0131n\u0131z<br><strong>Self Dan\u0131\u015fmanl\u0131k <\/strong><\/p>\n\n\n\n<p><strong>Se\u00e7il Pehlivan<\/strong><br>Tel: <strong>+90 505 395 34 54<\/strong><br>mail: info@selfdanismanlik.com<br>mail: selfdanismanlik84@gmail.com<\/p>\n\n\n\n<p><\/p>\n","protected":false},"excerpt":{"rendered":"<p>\u0130\u015f ve Sosyal G\u00fcvenlikte \u00c7\u00f6z\u00fcm Orta\u011f\u0131n\u0131zSelf Dan\u0131\u015fmanl\u0131k Se\u00e7il PehlivanTel: +90 505 395 34 54mail: info@selfdanismanlik.commail: selfdanismanlik84@gmail.com<\/p>\n","protected":false},"author":1,"featured_media":0,"parent":0,"menu_order":0,"comment_status":"closed","ping_status":"closed","template":"","meta":{"footnotes":""},"class_list":["post-91","page","type-page","status-publish","hentry"],"_links":{"self":[{"href":"https:\/\/selfdanismanlik.com\/index.php\/wp-json\/wp\/v2\/pages\/91","targetHints":{"allow":["GET"]}}],"collection":[{"href":"https:\/\/selfdanismanlik.com\/index.php\/wp-json\/wp\/v2\/pages"}],"about":[{"href":"https:\/\/selfdanismanlik.com\/index.php\/wp-json\/wp\/v2\/types\/page"}],"author":[{"embeddable":true,"href":"https:\/\/selfdanismanlik.com\/index.php\/wp-json\/wp\/v2\/users\/1"}],"replies":[{"embeddable":true,"href":"https:\/\/selfdanismanlik.com\/index.php\/wp-json\/wp\/v2\/comments?post=91"}],"version-history":[{"count":4,"href":"https:\/\/selfdanismanlik.com\/index.php\/wp-json\/wp\/v2\/pages\/91\/revisions"}],"predecessor-version":[{"id":219,"href":"https:\/\/selfdanismanlik.com\/index.php\/wp-json\/wp\/v2\/pages\/91\/revisions\/219"}],"wp:attachment":[{"href":"https:\/\/selfdanismanlik.com\/index.php\/wp-json\/wp\/v2\/media?parent=91"}],"curies":[{"name":"wp","href":"https:\/\/api.w.org\/{rel}","templated":true}]}}