{"id":64,"date":"2025-08-23T15:43:42","date_gmt":"2025-08-23T12:43:42","guid":{"rendered":"https:\/\/selfdanismanlik.com\/?page_id=64"},"modified":"2025-08-23T15:43:42","modified_gmt":"2025-08-23T12:43:42","slug":"sgk-tesvikleri-danismanlik-hizmeti","status":"publish","type":"page","link":"https:\/\/selfdanismanlik.com\/index.php\/sgk-tesvikleri-danismanlik-hizmeti\/","title":{"rendered":"SGK Te\u015fvikleri Dan\u0131\u015fmanl\u0131k Hizmeti"},"content":{"rendered":"\n<p>G\u00fcn\u00fcm\u00fcz rekabet\u00e7i i\u015f d\u00fcnyas\u0131nda i\u015fletmelerin s\u00fcrd\u00fcr\u00fclebilir b\u00fcy\u00fcme sa\u011flamalar\u0131 i\u00e7in t\u00fcm yasal avantajlardan maksimum d\u00fczeyde faydalanmalar\u0131 b\u00fcy\u00fck \u00f6nem ta\u015f\u0131maktad\u0131r. Bu kapsamda Sosyal G\u00fcvenlik Kurumu (SGK) te\u015fvikleri, i\u015fletmelere \u00f6nemli maliyet avantajlar\u0131 sunan yasal uygulamalar aras\u0131nda yer almaktad\u0131r.<\/p>\n\n\n\n<p><strong>SGK Te\u015fvik Dan\u0131\u015fmanl\u0131\u011f\u0131 Nedir?<\/strong><\/p>\n\n\n\n<p>SGK te\u015fvik dan\u0131\u015fmanl\u0131\u011f\u0131; i\u015fletmenizin istihdam etti\u011fi personel \u00fczerinden faydalanabilece\u011fi t\u00fcm SGK te\u015fviklerinin tespiti, ba\u015fvuru s\u00fcre\u00e7lerinin y\u00f6netilmesi ve takibinin profesyonelce y\u00fcr\u00fct\u00fclmesini kapsayan uzmanl\u0131k hizmetidir.<\/p>\n\n\n\n<p><\/p>\n","protected":false},"excerpt":{"rendered":"<p>G\u00fcn\u00fcm\u00fcz rekabet\u00e7i i\u015f d\u00fcnyas\u0131nda i\u015fletmelerin s\u00fcrd\u00fcr\u00fclebilir b\u00fcy\u00fcme sa\u011flamalar\u0131 i\u00e7in t\u00fcm yasal avantajlardan maksimum d\u00fczeyde faydalanmalar\u0131 b\u00fcy\u00fck \u00f6nem ta\u015f\u0131maktad\u0131r. Bu kapsamda Sosyal G\u00fcvenlik Kurumu (SGK) te\u015fvikleri, i\u015fletmelere \u00f6nemli maliyet avantajlar\u0131 sunan yasal uygulamalar aras\u0131nda yer almaktad\u0131r. SGK Te\u015fvik Dan\u0131\u015fmanl\u0131\u011f\u0131 Nedir? SGK te\u015fvik dan\u0131\u015fmanl\u0131\u011f\u0131; i\u015fletmenizin istihdam etti\u011fi personel \u00fczerinden faydalanabilece\u011fi t\u00fcm SGK te\u015fviklerinin tespiti, ba\u015fvuru s\u00fcre\u00e7lerinin y\u00f6netilmesi [&hellip;]<\/p>\n","protected":false},"author":1,"featured_media":0,"parent":0,"menu_order":0,"comment_status":"closed","ping_status":"closed","template":"","meta":{"footnotes":""},"class_list":["post-64","page","type-page","status-publish","hentry"],"_links":{"self":[{"href":"https:\/\/selfdanismanlik.com\/index.php\/wp-json\/wp\/v2\/pages\/64","targetHints":{"allow":["GET"]}}],"collection":[{"href":"https:\/\/selfdanismanlik.com\/index.php\/wp-json\/wp\/v2\/pages"}],"about":[{"href":"https:\/\/selfdanismanlik.com\/index.php\/wp-json\/wp\/v2\/types\/page"}],"author":[{"embeddable":true,"href":"https:\/\/selfdanismanlik.com\/index.php\/wp-json\/wp\/v2\/users\/1"}],"replies":[{"embeddable":true,"href":"https:\/\/selfdanismanlik.com\/index.php\/wp-json\/wp\/v2\/comments?post=64"}],"version-history":[{"count":1,"href":"https:\/\/selfdanismanlik.com\/index.php\/wp-json\/wp\/v2\/pages\/64\/revisions"}],"predecessor-version":[{"id":66,"href":"https:\/\/selfdanismanlik.com\/index.php\/wp-json\/wp\/v2\/pages\/64\/revisions\/66"}],"wp:attachment":[{"href":"https:\/\/selfdanismanlik.com\/index.php\/wp-json\/wp\/v2\/media?parent=64"}],"curies":[{"name":"wp","href":"https:\/\/api.w.org\/{rel}","templated":true}]}}