{"id":164,"date":"2025-08-28T13:00:10","date_gmt":"2025-08-28T10:00:10","guid":{"rendered":"https:\/\/selfdanismanlik.com\/?page_id=164"},"modified":"2025-09-19T17:50:45","modified_gmt":"2025-09-19T14:50:45","slug":"yabanci-uyruklu-calisma-izni","status":"publish","type":"page","link":"https:\/\/selfdanismanlik.com\/index.php\/yabanci-uyruklu-calisma-izni\/","title":{"rendered":"Yabanc\u0131 Uyruklu \u00c7al\u0131\u015fma \u0130zni"},"content":{"rendered":"\n<p class=\"has-contrast-color has-text-color has-link-color wp-elements-66a1e8ffc150b3ab88b22e269c3ee001\">Yabanc\u0131 uyruklu \u00e7al\u0131\u015fma izni, T\u00fcrkiye\u2019de \u00e7al\u0131\u015fmak isteyen yabanc\u0131lar\u0131n yasal olarak istihdam edilebilmesi i\u00e7in \u00c7al\u0131\u015fma ve Sosyal G\u00fcvenlik Bakanl\u0131\u011f\u0131 taraf\u0131ndan verilen resmi bir belgedir. Bu izin sayesinde yabanc\u0131 \u00e7al\u0131\u015fanlar\u0131n i\u015f g\u00fcvencesi ve sosyal haklar\u0131 g\u00fcvence alt\u0131na al\u0131n\u0131rken, i\u015fverenler de mevzuata uygun bir \u015fekilde istihdam sa\u011flam\u0131\u015f olur. \u00c7al\u0131\u015fma izni ba\u015fvurular\u0131nda i\u015fverenin ve yabanc\u0131 \u00e7al\u0131\u015fan\u0131n yerine getirmesi gereken belirli \u015fartlar bulunur; bu s\u00fcre\u00e7te do\u011fru y\u00f6nlendirme ve profesyonel dan\u0131\u015fmanl\u0131k, hem s\u00fcrecin h\u0131zlanmas\u0131n\u0131 hem de olas\u0131 ret veya cezalar\u0131n \u00f6n\u00fcne ge\u00e7ilmesini sa\u011flar. Yabanc\u0131 uyruklu \u00e7al\u0131\u015fma izni dan\u0131\u015fmanl\u0131\u011f\u0131, hem i\u015fveren hem de \u00e7al\u0131\u015fan i\u00e7in yasal uyum ve g\u00fcvenli bir \u00e7al\u0131\u015fma ortam\u0131 olu\u015fturur.<\/p>\n\n\n\n<p><\/p>\n","protected":false},"excerpt":{"rendered":"<p>Yabanc\u0131 uyruklu \u00e7al\u0131\u015fma izni, T\u00fcrkiye\u2019de \u00e7al\u0131\u015fmak isteyen yabanc\u0131lar\u0131n yasal olarak istihdam edilebilmesi i\u00e7in \u00c7al\u0131\u015fma ve Sosyal G\u00fcvenlik Bakanl\u0131\u011f\u0131 taraf\u0131ndan verilen resmi bir belgedir. Bu izin sayesinde yabanc\u0131 \u00e7al\u0131\u015fanlar\u0131n i\u015f g\u00fcvencesi ve sosyal haklar\u0131 g\u00fcvence alt\u0131na al\u0131n\u0131rken, i\u015fverenler de mevzuata uygun bir \u015fekilde istihdam sa\u011flam\u0131\u015f olur. \u00c7al\u0131\u015fma izni ba\u015fvurular\u0131nda i\u015fverenin ve yabanc\u0131 \u00e7al\u0131\u015fan\u0131n yerine getirmesi gereken [&hellip;]<\/p>\n","protected":false},"author":1,"featured_media":0,"parent":0,"menu_order":0,"comment_status":"closed","ping_status":"closed","template":"","meta":{"footnotes":""},"class_list":["post-164","page","type-page","status-publish","hentry"],"_links":{"self":[{"href":"https:\/\/selfdanismanlik.com\/index.php\/wp-json\/wp\/v2\/pages\/164","targetHints":{"allow":["GET"]}}],"collection":[{"href":"https:\/\/selfdanismanlik.com\/index.php\/wp-json\/wp\/v2\/pages"}],"about":[{"href":"https:\/\/selfdanismanlik.com\/index.php\/wp-json\/wp\/v2\/types\/page"}],"author":[{"embeddable":true,"href":"https:\/\/selfdanismanlik.com\/index.php\/wp-json\/wp\/v2\/users\/1"}],"replies":[{"embeddable":true,"href":"https:\/\/selfdanismanlik.com\/index.php\/wp-json\/wp\/v2\/comments?post=164"}],"version-history":[{"count":2,"href":"https:\/\/selfdanismanlik.com\/index.php\/wp-json\/wp\/v2\/pages\/164\/revisions"}],"predecessor-version":[{"id":201,"href":"https:\/\/selfdanismanlik.com\/index.php\/wp-json\/wp\/v2\/pages\/164\/revisions\/201"}],"wp:attachment":[{"href":"https:\/\/selfdanismanlik.com\/index.php\/wp-json\/wp\/v2\/media?parent=164"}],"curies":[{"name":"wp","href":"https:\/\/api.w.org\/{rel}","templated":true}]}}